 0) - (1399 - 1375).
-24
What is -93 + 87 + 3 + 20 - (-105 - -1)?
121
Evaluate 45 + 1 - (19 + -13 + -13).
53
What is (15 - 0) + -1 - (1 + (-10 - 29) + 47)?
5
Calculate 12 - ((-39 + 53 - 28) + 120).
-94
Evaluate (-4 - -9) + 38 + (9 - 10) - 11.
31
Evaluate (-3 - -1) + (85 - 63 - (25 - 5)).
0
Calculate -2 - ((-22 - -1) + 52).
-33
Calculate (-74 - (-55 + 38)) + 23.
-34
-11 - (-75 + 50) - 61
-47
What is 3 - (103 + -63 + 46)?
-83
What is -23 + -100 + 18 + 2 + (49 - 44)?
-98
-4 + 9 - 55 - ((-18 - -13) + -2)
-43
What is -2 - -2 - 29 - (56 - 18)?
-67
What is the value of -46 - 2 - (0 - (-2 + (12 - 22)))?
-60
Calculate (30 - (29 + 52) - -10) + -57.
-98
Evaluate 3 + ((19 - 156) + 9 - (6 + -22)).
-109
Evaluate 2 + (-17 - -8) + -2 + (3 - 28) + 4.
-30
Evaluate 1 + (6 - 3) - (-20 - (-12 + 1)).
13
Evaluate 41 + (-20 - -6) + -5 - 22.
0
Evaluate -97 + (8 - (2 - (-10 + (12 - -8)))).
-81
What is -6 + -96 - (-167 + 35)?
30
(-15 - -64) + -12 + 8 + 1 + 4
50
20 + -22 + 259 + -305
-48
48 - (-50 + 83 + 36)
-21
What is (1760 - 1772) + (-2 - -33 - 1) - 128?
-110
What is 21 + (1 - -26) + 2 - 23?
27
What is the value of 11 + -2 + -5 + 12 + 15 + -22?
9
Evaluate 12 - (-15 - -77 - -18).
-68
(2 - -69) + (35 - ((-5 - -15) + 13))
83
What is -26 + -2 + 12 + 2 + -54 + 3?
-65
Calculate -19 + -93 + 236 - 61.
63
What is the value of 26 - (-6 + 38 + -11 + -7)?
12
What is -1 - -9 - 0 - (14 + -29 - -29) - -59?
53
(23 - 8) + (-371 - -234)
-122
What is -36 - (-28 - 4 - -29)?
-33
Evaluate 117 - 118 - (-4 + 0 - (-14 - -59)).
48
Calculate 40 - 13 - (36 - 12 - 15).
18
Calculate (13 + -18 - (5 + -14 + 2)) + (-9 - -66).
59
Calculate 0 + -17 + 31 + (-26 - (9 + -3 + -3)).
-15
Evaluate (25 - 79) + 59 + 6 + -1 + 5 + -2.
13
Calculate 52 + (13 + 4 - 21 - (-5 - -12)).
41
(-963 - -954 - (-11 - (-1 - -1))) + 0
2
11 + -8 + -16 - (-39 + -4)
30
What is the value of (13 + 1 - (13 - (-57 - -66))) + 15?
25
-47 + (-82 - -72) - -24
-33
Calculate 48 + (-36 + -74 - -60).
-2
What is 0 + 8 + 0 + 10 + (94 - 89)?
23
Evaluate -16 - ((-38 - -24) + -41).
39
Calculate -32 + (-300 - -281 - (-8 + -1)).
-42
803 + -847 - (-2 - 55)
13
Evaluate (38 - 9) + -68 - (11 - 30).
-20
What is the value of -73 + (-4 - -77 - 44) + 112?
68
What is the value of 15 - 6 - 20 - (29 - (-2 + 1))?
-41
-546 + 599 + (5 - (0 - -6)) + 11
63
1 + (-16 - (-11 + -17)) - (-2 + 2)
13
Evaluate (105 - 24) + -81 + -1 + 49.
48
-18 + ((-1 - 9) + 9 + 2 - -3)
-14
Evaluate -2828 + 2809 - (1 + -33).
13
Calculate 157 - (-16 - -130 - 86).
129
21 + (2 - (-8 + 29)) + -37
-35
Evaluate 182 - ((-89 - -41) + 163).
67
-7 + (2 - 13 - (61 + -66)) + 3 + -11
-21
(-73 - (-31 - -2 - -8)) + (2 - 6)
-56
(-19 + -12 + (14 - -13) - -15) + (0 - -31)
42
-10 + 10 + 48 - 50
-2
What is (18 - 20) + -18 + -26?
-46
12 + (-8 - 2) + 59 + 31 + -27
65
Evaluate (12 - 34 - 39) + 1 + 1 + 10.
-49
What is 0 - 11 - ((-28 - -3) + -3 - (695 - 705))?
7
Evaluate (-83 - -112) + (-7 - 13) - 114.
-105
(31 - -6) + (73 - 70 - -43)
83
What is the value of 12 - (7 + 4 + (94 - 106))?
13
What is the value of (-10 - 6 - (7 + -12)) + (29 - 0) + -11?
7
What is the value of (-42 - (-61 - -9)) + -57?
-47
Calculate (4 - 7) + (-289 - -259).
-33
Calculate -10 + (-2 - 3) + 15 - 20.
-20
What is -10 - (40 + -13) - (-82 - -95)?
-50
What is the value of -348 + 349 + (91 - (-10 - -2))?
100
What is (12 - (9 + (4 - 13))) + -32 + 141?
121
What is the value of 16 - 11 - (262 - 207)?
-50
What is -45 + -75 + 140 - (-28 + 0)?
48
What is (34 - 71) + 88 - (1 - -1)?
49
Evaluate (37 - 47) + (-4 - 0) + (10 - -4) + -41.
-41
Evaluate 3 - 4 - (43 + -45) - (3 + -14 + 45).
-33
What is (-5339 - -5319) + 0 + 96?
76
Evaluate (23 - 38 - 18) + 18.
-15
Calculate 5 - (155 + -96 + (3 - 0) + -15).
-42
What is 29 + (-10 - (-40 - -52)) + 96?
103
What is -7 + (1 - -99) + 2 + 18 + (-530 - -515)?
98
-21 - (-63 + (16 + -27 - -36))
17
What is the value of -2 + 82 + ((17 - 36) + 54 + -5 - 16)?
94
What is 1 + -2 + -9 + 13 + -2 - -15?
16
What is (-1 - -7) + (-473 - -448)?
-19
(-85 - (-87 - 99)) + -2 + (-2 - -3)
100
(-29 - (7 + -4) - (-95 + 99)) + 10
-26
Calculate -35 + (105 - 75) - -40.
35
Evaluate 0 - (-3 + -18 + 22 - 23).
22
(20 + -24 - (0 + -6 + 18 + -5)) + -57
-68
What is the value of -24 + 12 + (-19 - -7) + 25?
1
-2 - -36 - (20 + -14 - (-20 + 31))
39
What is the value of (-85 - 1) + (-3957 - -4035)?
-8
Evaluate 31 + (-62 - (19 - (-16 - -25))).
-41
What is 4 + (-48 - (-62 + 21))?
-3
Calculate -13 + 2 + 2 + (-10 - -76) - (-1 - -6).
52
Evaluate (9 - -1 - -1) + (-6 - 113) + (37 - 45).
-116
What is -16 + -1 + (-14 - -10) + 45?
24
What is the value of 16 + (-18 - (-14 - 1 - -9)) - 28?
-24
-7 + 0 + -7 + 71 + -72 + 36
21
Evaluate -25 + 61 + -6 + 1 + -15.
16
Evaluate (21 - (-26 + 15 + 29)) + (-2 - 13).
-12
What is 54 + (-179 - -198) + (2 - (0 - 0))?
75
What is the value of -10 + (-11 - (-12 + -18)) - (0 + 6) - -53?
56
What is the value of (1 - 1) + (-3 - -9) + -41 + 269 + -188?
46
Calculate 88 - (-21 + 16 + 24 - -3).
66
-3 - (0 - (-3 - (-20 + 9))) - 2
3
(5 - -5) + 51 + (7 - -15 - 14)
69
-119 + 121 + 125 + -42
85
What is 9 + (62 + 1 - 35)?
37
Calculate (382 - 357) + (-35 - 5).
-15
Evaluate -7 + 20 - -7 - 33 - (-48 + -2).
37
Calculate (-5 - -26 - 16) + 1 + 1 + 20.
27
What is -88 + -3 + -18 + (-15 - (4 + -19))?
-109
Evaluate -9 + (-15 + -3 - -9) - 24.
-42
-16 - -1 - -5 - (16 - (-8 - -20))
-14
What is the value of -11 + 11 - (-3 - 5) - -60?
68
-3 + -22 + 9 + 9 + 9 - -9
11
Evaluate 13 + -19 + 27 + 76 - (-4 + 26).
75
Evaluate 32 + (0 - (-21 - -21) - 11) - 28.
-7
2 + -3 + 8 + -13 + 22
16
What is 14 - (30 + -22 - 4)?
10
(-3 - 33) + (-854 - -840)
-50
What is the value of 3 - (18 - (-17 + 22 - (0 - 1)))?
-9
Calculate 9 + (-12 - -13) - (4 + (-74 - -5)).
75
Evaluate (-39 - (-2 + 1)) + -8902 + 8823.
-117
What is the value of 50 + -13 + (-3 - (14 - 29))?
49
What is the value of (-60 + 18 - -2) + 142 - 3?
99
Calculate (-3 - -21) + -3 - (13 - (-8 + 17)) - -70.
81
What is the value of (-4 - (0 + 11)) + (44 - -10) + -126?
-87
What is 278 - 133 - (82 + -16)?
79
What is (-47 - (-75 - -60)) + (2 - -54)?
24
What is -12 - ((-12 - (24 - -4)) + 0)?
28
Calculate -783 + 710 + 54 + -2.
-21
What is (-404 - -324) + (13 - -91)?
24
Evaluate 505 + -486 + (23 + 6 - -1).
49
Calculate -19 + 16 - (-6 - -11 - (-1 + 60)).
51
What is the value of 31 + -114 - -59 - -86?
62
Evaluate -34 - -48 - (12 + -93).
95
What is 40 + -24 + 7 + 20?
43
0 + -17 + 10 + (-2 - -1) - (23 + -14)
-17
Calculate (2 - (0 + 7)) + 5 + (2 + -16 - -5).
-9
What is the value of 1 + 0 + (-11 - -2) - (-10 + (-9 - -1))?
10
What is the value of (5 - (6 + -8)) + -5 + (8 - 8)?
2
What is the value of 149 + -125 + -23 + -3 - (0 - -8) - 40?
-50
What is -2 - -6 - ((-10 - -30) + 6)?
-22
What is 39 + (-50 - -30 - -2) - (-1 - -142)?
-120
What is the value of (-2 - -26) + (-2515 - -2502)?
11
(8 - (5 + 14)) + (4 - (13 + -1) - -75)
56
What is the value of 59 - -2 - (-41 + 50 + 13 + -12 + -2)?
53
What is the value of -2796 + 2825 - (-48 + 2)?
75
Calculate (-152 - -45) + 11 - -36.
-60
Calculate (6 - (-12 + -6)) + (6 - (-8 + (14 - -5))).
19
Calculate 0 - 2 - (-38 + -9 + 10).
35
What is (25 - 0) + 36 - 16?
45
(0 - 6 - 0) + (2856 - 2824) + (-1 - -3)
28
(7 + 115 - -7) + -5 + (13 - -5 - 0)
142
-8 + (-4 - 1) - (-37 - -29) - 21
-26
Calculate (15 - -6) + (-43 - -57) + (-84 - 1).
-50
What is 66 - (-16 + (-4 - -6 - 2)) - (3 + -2)?
81
33 + -33 + -5 + 1 + 3 - (-2 - 24)
25
What is (37 - 1) + (128 - (259 + -6))?
-89
3 + -1 - ((3 - 30) + -8 + 25)
12
Evaluate (5 - 35) + -429 + 433.
-26
Calculate -25 + 30 - -31 - (-31 + 4).
63
Evaluate -2 + (2 - -32 - ((-10 - -26) + -10)).
26
What is (-30 - (-38 + 13)) + 20 + -2 + 58?
71
-3688 - -3642 - ((-2 - 17) + -1)
-26
(-8 - 1) + (-205 - -223) + 2 + -11 - -61
61
What is the value of -2 + 12 + -96 + -10 + (-4 - -9) + 5?
-86
Calculate 80 + (38 - 19) + 10 + 2 + -29.
82
Calculate -3 + 11 + (9 - (2 - -11)) + -37 + 0.
-33
-17 - (-4 - 6 - 33) - -88
114
What is 52 - (-4 + (-8 - -29) + -4 + -11)?
50
Evaluate (25 - (62 + -11)) + -85 + -3.
-114
Evaluate (8 + 0 - (-9 + (10 - (3 - 12)))) + 35.
33
Calculate (0 - -124) + (5 - 19) + 34 + 13 + -30.
127
Evaluate -48 + -3 - (-219 + 158).
10
What is the value of -18 + (28 - (7 + 0)) - (-1 - 52)?
56
-18 - (39 + (-23 - -18))
-52
Evaluate (19 - 37 - (-8 - 25)) + -12.
3
(47 - 53) + (-2 - (4 + -21)) - (